 factor of 98 and 1134.
14
What is the highest common divisor of 48 and 26808?
24
Calculate the greatest common divisor of 375 and 50.
25
What is the highest common divisor of 198 and 7029?
99
What is the highest common divisor of 116 and 1885?
29
What is the greatest common divisor of 1015 and 175?
35
Calculate the highest common factor of 68 and 119.
17
Calculate the highest common factor of 25 and 3625.
25
Calculate the highest common divisor of 58 and 4379.
29
Calculate the highest common divisor of 139 and 2641.
139
What is the greatest common factor of 1309 and 1386?
77
Calculate the highest common factor of 12 and 42.
6
Calculate the highest common divisor of 245 and 49.
49
What is the greatest common factor of 153 and 5916?
51
Calculate the greatest common factor of 28 and 42.
14
Calculate the greatest common divisor of 54 and 1728.
54
Calculate the highest common factor of 125 and 500.
125
Calculate the greatest common factor of 6 and 2.
2
What is the greatest common factor of 7 and 14?
7
What is the highest common factor of 129 and 172?
43
Calculate the highest common factor of 81 and 297.
27
Calculate the highest common divisor of 873 and 97.
97
What is the greatest common factor of 21 and 17241?
21
Calculate the highest common divisor of 18 and 46.
2
What is the greatest common factor of 30 and 66?
6
What is the greatest common divisor of 16 and 26?
2
Calculate the highest common factor of 47 and 2256.
47
What is the greatest common divisor of 272 and 336?
16
What is the greatest common factor of 232 and 244?
4
What is the greatest common factor of 21618 and 36?
18
What is the highest common divisor of 700 and 625?
25
Calculate the greatest common factor of 75 and 15.
15
Calculate the highest common divisor of 83 and 913.
83
What is the greatest common divisor of 15 and 320?
5
What is the highest common divisor of 640 and 240?
80
Calculate the greatest common divisor of 90 and 6.
6
Calculate the highest common factor of 147 and 1029.
147
What is the greatest common factor of 247 and 13?
13
Calculate the greatest common divisor of 8448 and 99.
33
What is the greatest common divisor of 38 and 76?
38
Calculate the greatest common divisor of 24 and 9.
3
What is the highest common factor of 75 and 207?
3
Calculate the highest common factor of 2410 and 10.
10
What is the highest common divisor of 1100 and 88?
44
What is the greatest common divisor of 77 and 133?
7
What is the greatest common divisor of 513 and 81?
27
Calculate the greatest common factor of 208 and 32.
16
What is the greatest common divisor of 624 and 96?
48
Calculate the highest common factor of 45 and 150.
15
What is the greatest common factor of 340 and 2500?
20
Calculate the highest common divisor of 1640 and 30.
10
Calculate the greatest common divisor of 190 and 65.
5
What is the highest common divisor of 558 and 62?
62
Calculate the highest common factor of 2024 and 1748.
92
Calculate the highest common factor of 38 and 16.
2
What is the greatest common factor of 17015 and 166?
83
Calculate the greatest common factor of 2484 and 108.
108
Calculate the greatest common factor of 48 and 240.
48
What is the highest common factor of 42 and 114?
6
Calculate the highest common divisor of 200 and 10100.
100
What is the highest common factor of 105 and 30?
15
Calculate the greatest common divisor of 66 and 407.
11
What is the greatest common factor of 1679 and 46?
23
Calculate the greatest common factor of 84 and 2688.
84
What is the greatest common divisor of 847 and 275?
11
Calculate the greatest common divisor of 393 and 131.
131
What is the highest common divisor of 88 and 24200?
88
Calculate the greatest common divisor of 63 and 672.
21
Calculate the highest common divisor of 4046 and 5474.
238
What is the greatest common divisor of 335 and 10?
5
Calculate the highest common divisor of 22308 and 312.
156
What is the highest common factor of 48 and 2032?
16
Calculate the highest common divisor of 1146 and 138.
6
Calculate the highest common factor of 10 and 1490.
10
What is the highest common factor of 2354 and 22?
22
Calculate the highest common factor of 7 and 511.
7
Calculate the greatest common factor of 3043 and 51.
17
Calculate the highest common factor of 76 and 9196.
76
What is the greatest common divisor of 2624 and 128?
64
What is the greatest common divisor of 25 and 55?
5
What is the greatest common divisor of 363 and 11?
11
What is the greatest common divisor of 65 and 195?
65
What is the highest common divisor of 27 and 783?
27
What is the highest common divisor of 309 and 1133?
103
What is the highest common divisor of 2056 and 2313?
257
What is the highest common factor of 52 and 286?
26
Calculate the greatest common factor of 2304 and 6.
6
Calculate the highest common factor of 2175 and 1350.
75
Calculate the highest common divisor of 265 and 33920.
265
Calculate the highest common factor of 160 and 4160.
160
What is the highest common factor of 133 and 19?
19
What is the greatest common divisor of 16 and 536?
8
Calculate the highest common divisor of 26 and 182.
26
Calculate the highest common divisor of 72 and 32.
8
What is the highest common factor of 2 and 8?
2
Calculate the greatest common factor of 37 and 8473.
37
What is the highest common factor of 202 and 36?
2
What is the highest common factor of 578 and 29767?
289
Calculate the highest common factor of 41 and 205.
41
What is the highest common divisor of 98 and 1365?
7
Calculate the highest common factor of 3224 and 4712.
248
What is the highest common factor of 220 and 4460?
20
What is the greatest common factor of 424 and 11978?
106
What is the greatest common factor of 11 and 38291?
11
What is the greatest common factor of 47 and 47?
47
What is the highest common divisor of 576 and 396?
36
Calculate the highest common divisor of 9447 and 282.
141
Calculate the greatest common divisor of 770 and 836.
22
What is the greatest common factor of 1170 and 144?
18
Calculate the highest common factor of 10 and 2630.
10
What is the highest common divisor of 2 and 22?
2
What is the greatest common factor of 267 and 623?
89
Calculate the highest common factor of 190 and 19.
19
What is the greatest common divisor of 850 and 102?
34
What is the highest common factor of 44 and 4378?
22
Calculate the greatest common factor of 55 and 4895.
55
What is the greatest common factor of 19 and 1558?
19
Calculate the highest common divisor of 4420 and 765.
85
Calculate the highest common divisor of 10 and 490.
10
Calculate the greatest common factor of 116 and 16.
4
What is the highest common divisor of 318 and 18?
6
Calculate the greatest common factor of 10277 and 172.
43
Calculate the highest common factor of 175 and 315.
35
Calculate the highest common divisor of 406 and 116.
58
Calculate the highest common factor of 11 and 1331.
11
Calculate the highest common divisor of 76 and 266.
38
Calculate the greatest common divisor of 30 and 345.
15
Calculate the highest common factor of 240 and 320.
80
What is the highest common divisor of 904 and 72?
8
What is the highest common divisor of 96 and 120?
24
Calculate the greatest common factor of 34 and 595.
17
What is the greatest common factor of 198 and 114?
6
Calculate the greatest common divisor of 63 and 189.
63
What is the greatest common factor of 105 and 651?
21
Calculate the greatest common divisor of 2095 and 5.
5
Calculate the greatest common divisor of 84 and 276.
12
What is the greatest common divisor of 8 and 72?
8
What is the greatest common divisor of 46575 and 810?
405
What is the greatest common divisor of 384 and 108?
12
Calculate the highest common divisor of 2583 and 28.
7
What is the highest common factor of 519 and 1211?
173
What is the greatest common factor of 3894 and 429?
33
Calculate the greatest common divisor of 2 and 514.
2
Calculate the greatest common factor of 583 and 159.
53
What is the greatest common divisor of 16 and 400?
16
Calculate the highest common factor of 12765 and 30.
15
Calculate the greatest common factor of 7 and 7.
7
What is the greatest common factor of 25 and 25?
25
Calculate the highest common divisor of 444 and 68.
4
What is the greatest common divisor of 2128 and 7?
7
What is the greatest common factor of 86